he remainder when 1516 is divided by 161?
67
Calculate the remainder when 451 is divided by 426.
25
What is the remainder when 31930 is divided by 31915?
15
Calculate the remainder when 6457 is divided by 1102.
947
Calculate the remainder when 26329 is divided by 22.
17
What is the remainder when 43225 is divided by 165?
160
Calculate the remainder when 3457 is divided by 1694.
69
What is the remainder when 25174 is divided by 6288?
22
Calculate the remainder when 5419 is divided by 396.
271
What is the remainder when 6517 is divided by 724?
1
What is the remainder when 106459 is divided by 1745?
14
What is the remainder when 4018807 is divided by 31?
29
Calculate the remainder when 5210 is divided by 7.
2
Calculate the remainder when 17215 is divided by 8.
7
Calculate the remainder when 2368436 is divided by 459.
455
Calculate the remainder when 956 is divided by 235.
16
What is the remainder when 8983 is divided by 1796?
3
What is the remainder when 268 is divided by 170?
98
What is the remainder when 26157 is divided by 12707?
743
What is the remainder when 559 is divided by 66?
31
Calculate the remainder when 2472 is divided by 608.
40
What is the remainder when 23958 is divided by 266?
18
What is the remainder when 149564 is divided by 1069?
973
What is the remainder when 17622 is divided by 5874?
0
What is the remainder when 127450 is divided by 47?
33
What is the remainder when 889537 is divided by 459?
454
Calculate the remainder when 40879 is divided by 1473.
1108
Calculate the remainder when 347198 is divided by 20.
18
Calculate the remainder when 215 is divided by 60.
35
Calculate the remainder when 92611 is divided by 108.
55
What is the remainder when 6278 is divided by 1243?
63
What is the remainder when 10278 is divided by 2048?
38
What is the remainder when 19413 is divided by 73?
68
What is the remainder when 73963 is divided by 39?
19
Calculate the remainder when 18882 is divided by 1142.
610
Calculate the remainder when 54660 is divided by 54596.
64
What is the remainder when 8934 is divided by 2951?
81
What is the remainder when 3360 is divided by 33?
27
What is the remainder when 56067 is divided by 90?
87
Calculate the remainder when 41137 is divided by 121.
118
Calculate the remainder when 2680 is divided by 16.
8
Calculate the remainder when 702 is divided by 18.
0
What is the remainder when 1684 is divided by 1123?
561
Calculate the remainder when 294803 is divided by 431.
430
What is the remainder when 637 is divided by 457?
180
What is the remainder when 21614 is divided by 940?
934
Calculate the remainder when 166081 is divided by 59.
55
What is the remainder when 183 is divided by 116?
67
What is the remainder when 126196 is divided by 125?
71
What is the remainder when 7500 is divided by 418?
394
Calculate the remainder when 10271 is divided by 32.
31
What is the remainder when 20888 is divided by 5217?
20
Calculate the remainder when 3854 is divided by 460.
174
What is the remainder when 153609 is divided by 89?
84
Calculate the remainder when 103974 is divided by 79.
10
Calculate the remainder when 239399 is divided by 28.
27
Calculate the remainder when 9498 is divided by 27.
21
What is the remainder when 654 is divided by 244?
166
What is the remainder when 2453 is divided by 945?
563
Calculate the remainder when 2342725 is divided by 1171359.
7
What is the remainder when 418769 is divided by 41?
36
What is the remainder when 15213 is divided by 190?
13
What is the remainder when 37595 is divided by 235?
230
What is the remainder when 378891 is divided by 31573?
15
Calculate the remainder when 16352 is divided by 681.
8
What is the remainder when 18973 is divided by 332?
49
What is the remainder when 12930 is divided by 59?
9
Calculate the remainder when 129037 is divided by 1173.
7
Calculate the remainder when 37724 is divided by 12570.
14
What is the remainder when 207680 is divided by 73?
68
What is the remainder when 335 is divided by 253?
82
What is the remainder when 986773 is divided by 16?
5
What is the remainder when 50267 is divided by 10030?
117
Calculate the remainder when 70067 is divided by 277.
263
Calculate the remainder when 70062 is divided by 58.
56
Calculate the remainder when 217994 is divided by 367.
363
What is the remainder when 7624 is divided by 147?
127
What is the remainder when 7012 is divided by 2330?
22
What is the remainder when 18822 is divided by 236?
178
Calculate the remainder when 36293 is divided by 364.
257
Calculate the remainder when 725707 is divided by 725706.
1
Calculate the remainder when 45426 is divided by 1682.
12
What is the remainder when 9974 is divided by 553?
20
What is the remainder when 19135 is divided by 6368?
31
What is the remainder when 11094 is divided by 34?
10
What is the remainder when 688802 is divided by 33?
26
What is the remainder when 119088 is divided by 107?
104
What is the remainder when 726 is divided by 661?
65
What is the remainder when 111119 is divided by 20?
19
What is the remainder when 64632 is divided by 1503?
3
Calculate the remainder when 3247 is divided by 641.
42
Calculate the remainder when 90306 is divided by 161.
146
Calculate the remainder when 3591723 is divided by 782.
779
What is the remainder when 58485 is divided by 10?
5
Calculate the remainder when 1451 is divided by 1342.
109
What is the remainder when 7767 is divided by 50?
17
Calculate the remainder when 152311 is divided by 439.
417
What is the remainder when 3795 is divided by 640?
595
Calculate the remainder when 905330 is divided by 37722.
2
What is the remainder when 417 is divided by 216?
201
Calculate the remainder when 4701 is divided by 2342.
17
What is the remainder when 67544 is divided by 18?
8
Calculate the remainder when 824877 is divided by 386.
381
What is the remainder when 5845 is divided by 764?
497
Calculate the remainder when 20496 is divided by 198.
102
What is the remainder when 7680 is divided by 7561?
119
What is the remainder when 11087 is divided by 284?
11
Calculate the remainder when 4786 is divided by 1501.
283
What is the remainder when 399430 is divided by 102?
100
What is the remainder when 2282 is divided by 728?
98
Calculate the remainder when 7140 is divided by 493.
238
Calculate the remainder when 400075 is divided by 41.
38
What is the remainder when 699035 is divided by 12?
11
What is the remainder when 26274 is divided by 1251?
3
What is the remainder when 8130 is divided by 60?
30
Calculate the remainder when 40009 is divided by 10000.
9
Calculate the remainder when 108364 is divided by 521.
517
What is the remainder when 1441703 is divided by 66?
65
What is the remainder when 856046 is divided by 325?
321
What is the remainder when 4670 is divided by 1162?
22
What is the remainder when 2179 is divided by 126?
37
Calculate the remainder when 48732 is divided by 118.
116
Calculate the remainder when 66429 is divided by 91.
90
Calculate the remainder when 36887 is divided by 648.
599
Calculate the remainder when 3111 is divided by 24.
15
Calculate the remainder when 21995 is divided by 866.
345
Calculate the remainder when 7948 is divided by 159.
157
What is the remainder when 5024319 is divided by 114?
111
Calculate the remainder when 712 is divided by 83.
48
Calculate the remainder when 581194 is divided by 308.
306
What is the remainder when 16336 is divided by 50?
36
Calculate the remainder when 44262 is divided by 357.
351
Calculate the remainder when 55157 is divided by 11016.
77
What is the remainder when 59852 is divided by 1271?
115
What is the remainder when 1097 is divided by 543?
11
What is the remainder when 12999 is divided by 6481?
37
Calculate the remainder when 4857 is divided by 604.
25
What is the remainder when 7387 is divided by 322?
303
Calculate the remainder when 51780 is divided by 254.
218
What is the remainder when 19961 is divided by 1052?
1025
Calculate the remainder when 1547 is divided by 25.
22
What is the remainder when 8269 is divided by 68?
41
Calculate the remainder when 36513 is divided by 1056.
609
What is the remainder when 65813 is divided by 309?
305
Calculate the remainder when 399076 is divided by 399063.
13
Calculate the remainder when 9675 is divided by 93.
3
Calculate the re